n divisor of o and z?
8
Let c be 108/48 - 2/8. Calculate the greatest common divisor of c and 18.
2
Let k(d) = d**3 - 6*d**2 + 9*d + 9. Let y be k(8). Calculate the greatest common factor of y and 19.
19
Suppose 4*t = 5*i - 40, -5*i = -0*i + 4*t. Suppose -i*q + 69 + 27 = 0. What is the highest common factor of 36 and q?
12
Let q = 7 + 32. What is the highest common factor of q and 3?
3
Let t(d) = d**2 - 6*d - 5. Let y(p) = -7*p**3 - p**2 - p + p**2 - p**2. Let u be y(-1). Let a be t(u). What is the highest common divisor of 5 and a?
1
Let n = -4 - 7. Let d = -2 - n. Calculate the greatest common divisor of 63 and d.
9
Let m(i) = 44*i**2 + 9 - 15*i**2 - 3 - 5. Let w be m(1). Suppose -2*c = -129 - 21. Calculate the greatest common divisor of c and w.
15
Let w(i) = -5*i. Let j be w(-1). Suppose 6 = j*a - 3*a. Suppose a*l - 26 = -2. Calculate the greatest common factor of l and 8.
8
Suppose 5*p + 0*p = -2*h + 758, -4*h = -p + 134. What is the greatest common divisor of p and 6?
6
Let n(u) = u**3 + 4*u**2 - 5*u - 4. Let i be n(4). Calculate the highest common factor of 13 and i.
13
Let q(m) = -50*m**3 - m**2. Let i(a) = a**3 - 2*a**2 - a + 1. Let y be i(2). Let v be q(y). Let x be -3*4/12*-7. What is the greatest common factor of x and v?
7
Let i(c) = c**2 - 4*c - 1. Let u(m) = 2*m - 7. Let j be u(6). Let x be i(j). Suppose -3*k + x = -k. What is the highest common divisor of k and 6?
2
Suppose 0 = -4*l + 5*p + 32, -10*p = 5*l - 8*p - 7. Let d(a) = 4*a**2 - 3. Let h be d(-3). What is the highest common divisor of l and h?
3
Let q be ((-3)/(-4))/(3/(-60)). Let y = q + 18. Calculate the greatest common divisor of 1 and y.
1
Suppose -u + 0*u = -174. Suppose 0*b = 2*a + 3*b - u, -a + b + 92 = 0. Calculate the highest common divisor of a and 18.
18
Suppose -3*t = 3*p - 6*t - 30, -5*p - 4*t + 32 = 0. Let x be (2*(-28)/p)/(-1). What is the greatest common divisor of x and 28?
7
Let c(k) = 2*k + 13*k + k - 1. Let p be c(1). What is the greatest common factor of p and 120?
15
Let m be 2 - 2 - (-120)/5. Calculate the greatest common divisor of m and 36.
12
Let i(q) = 9*q**2 - 5*q + 5*q + q. Let s be ((-1)/3)/(6/18). Let v be i(s). Calculate the highest common divisor of 1 and v.
1
Let a(b) = -b**2 + 5*b + 7. Let o be a(6). Let j be (1 - -6)/(1 + 0). What is the highest common divisor of j and o?
1
Let m(s) = -2 + 4 - s**2 + 4*s + 7. Let r be m(4). What is the highest common factor of r and 36?
9
Let n be (-6)/4*32/(-24). Let x = n + -1. Calculate the greatest common divisor of 5 and x.
1
Let v(y) = y**3 - 10*y**2 - y + 13. Let j be v(10). What is the highest common factor of j and 27?
3
Suppose 5*l = 4*l + 28. Suppose 0 = -3*w - 10 + l. Let z = 34 - 28. Calculate the greatest common factor of w and z.
6
Let m = 5 + -3. Suppose 0*h = -m*h + 242. Let o(a) = a + 5. Let i be o(6). Calculate the highest common divisor of h and i.
11
Let d = 9 - 2. Suppose -d = u - 33. Calculate the greatest common divisor of 39 and u.
13
Suppose -3*c + 2*u = -2*c - 38, 2*c - 2*u - 68 = 0. What is the greatest common factor of 330 and c?
30
Suppose -25 = -5*g + 5*u, 0*g + g = 2*u + 1. Let x = g + -5. Suppose 5*n = -2*j - 0*n + 21, 0 = -j - x*n + 15. Calculate the highest common factor of 21 and j.
3
Suppose 15*a = 14*a + 40. Calculate the highest common factor of a and 16.
8
Suppose 15*j - 17*j - 2*d = -76, 0 = 3*d - 12. Suppose 2*v - 7*v + 4*l + 696 = 0, -8 = 2*l. What is the greatest common divisor of j and v?
34
Suppose 117 = 5*g + 27. Let c(h) = 13*h + 1. Let t be c(-1). Let z be (1*27)/(t/(-16)). What is the greatest common divisor of z and g?
18
Suppose d - 5*p - 103 + 25 = 0, 0 = -d + 2*p + 84. What is the highest common factor of d and 11?
11
Let d = 11 - -5. Let b = 6 - 7. Let g be (-14)/(b - 1) + 1. What is the greatest common divisor of g and d?
8
Suppose -5 = 3*j - 77. Let b be 0/9 + 2*3. Suppose v + 3 = b. Calculate the greatest common factor of v and j.
3
Let p be (-2)/7 - (-430)/35. Suppose p = 2*t - 0*t. Calculate the greatest common divisor of 48 and t.
6
Suppose -2*p - 11 - 11 = -2*k, -28 = -4*k - 4*p. Suppose 7*w - 3*w + 2*m = 186, 0 = 2*w - 5*m - 75. Calculate the greatest common divisor of w and k.
9
Suppose 4*y - 5*m = -13, y + 37 = 5*y + 5*m. What is the highest common divisor of 21 and y?
3
Let k(q) = q - 14. Let d be k(0). Let i(z) = z**3 - 6*z**2 - 8*z. Let v be i(7). Let n = v - d. Calculate the highest common factor of n and 14.
7
Suppose c - 39 = -2*c. What is the highest common factor of 13 and c?
13
Let q = -1 - 28. Let h = 69 + q. Calculate the greatest common factor of 5 and h.
5
Suppose 0*o + 435 = 5*o - 5*y, 3*o + 5*y - 245 = 0. Calculate the highest common divisor of o and 17.
17
Let w be 3/6*(0 - 0). Suppose w = m - 256 + 88. Calculate the greatest common divisor of 24 and m.
24
Let o be (198/15)/(6/80). Calculate the greatest common factor of 16 and o.
16
Let w = 363 + -210. What is the greatest common divisor of 17 and w?
17
Let b = -25 - -35. What is the highest common divisor of 40 and b?
10
Suppose 0 = 5*b - 3 - 2. Let d be 2 - (-3 - (-2 - b)). Let a(s) = s**3 + 2*s**2 - 2*s - 1. Let z be a(d). What is the highest common factor of z and 22?
11
Suppose -4*q = 2*n - 34, -5*n - 2*q + 61 = -0*q. Let t = 0 + 0. Suppose t = -4*y - 4*g + 396, 2*y - 119 = g + 79. What is the greatest common factor of y and n?
11
Let k = 12 + -8. Suppose 0*y = 4*y - 32. Suppose 2*q + 104 = 4*x, 0 = -y*x + 5*x - 4*q + 100. What is the highest common factor of x and k?
4
Suppose -2 = -5*l + 13. Let b(k) = -k**2 - 11*k + 15. Let t be b(-12). What is the highest common divisor of l and t?
3
Suppose 2*x - 19 - 5 = 0. Let g = 27 + -13. Let t be 666/g - (-9)/21. What is the highest common divisor of t and x?
12
Let v(k) = k**2 + 11*k + 14. Let o be v(-10). Suppose o*x = 6*x - 10. What is the greatest common factor of x and 55?
5
Let f = 15 + -7. Suppose -3*l + 38 + 4 = 0. Suppose 4*u - 18 - l = 0. What is the greatest common divisor of f and u?
8
Suppose t + a = 2*a + 15, 4*t + a = 85. Calculate the greatest common divisor of 5 and t.
5
Suppose d - 67 = -t - 2*t, 5*t - 135 = 3*d. Let m(x) = -61*x**3 - x**2. Let w be m(-1). Calculate the greatest common factor of w and t.
12
Let q = -102 + 148. Suppose -q = -4*b + 66. Let m be 0 + -1 + 43 + 0. Calculate the greatest common divisor of b and m.
14
Suppose y = 2*f - 210, f + y - 310 = -2*f. Calculate the greatest common factor of f and 13.
13
Let g be (1/(-3))/(1/(-3)). Let j be 112/18 - (-2)/(-9). Suppose 3*z - 15 - j = 0. Calculate the greatest common factor of z and g.
1
Suppose -2*m - 4*s + 4 = 0, -3*m - 4*s + 6 = -2*m. Let d be (-1)/(m/(-4)*-1). Calculate the greatest common factor of 14 and d.
2
Let o be (-2 - 12)*(-1)/2. Let v be (4/(-6))/((-18)/27)*49. What is the greatest common divisor of o and v?
7
Suppose 2*h + 26 = 4*q, 0 = -3*q + 2*h + h + 27. Let m be -2 + -1*(-3)/3. Let f be ((-16)/(-28))/(m/(-7)). What is the highest common factor of f and q?
4
Suppose -5*p + 28 + 67 = 0. Calculate the highest common divisor of p and 171.
19
Suppose -12 = -4*i, 0 = 2*j + i - 50 - 13. Let f(q) = 7*q - 5*q - 4*q - 4. Let b be f(-5). What is the greatest common factor of j and b?
6
Let g be (10/4 + -1)*2. Let h(m) = g - m - 1 + 0. Let n be h(-3). Calculate the greatest common divisor of n and 25.
5
Let j be (2/3)/((-2)/(-36)). Suppose 0*f + 2 = f. Suppose 7*p - f*p - 180 = 0. Calculate the highest common factor of p and j.
12
Let w(p) = -p + 4. Let g be w(0). Let o(q) = -q + 13. Let v be o(9). Suppose v - 5 = f + j, -5*f = -2*j - 30. What is the highest common factor of g and f?
4
Suppose 3*d - 13 = -4. What is the highest common factor of d and 4?
1
Let t be (-1)/(1/5)*41. Let p = 2 + -383. Let c = t - p. What is the greatest common factor of c and 16?
16
Let q be (4 - 1)*(-2)/(-3). Let i be 3/6 + 53/q. Let a = 211 - i. Calculate the greatest common factor of a and 23.
23
Let b(s) = s**3 + 3*s**2 + s + 1. Let u(x) = -x**2 + 3*x + 8. Let o be u(5). Let w be b(o). What is the greatest common divisor of 21 and w?
3
Let z(o) = -o**3 + 6*o**2 + 5. Let d be z(5). What is the greatest common factor of 6 and d?
6
Let l(f) = f**2 + 4*f + 2. Let o be l(-4). Let t(p) = -3*p**2 - 3 + 3*p**2 - 5*p + 4*p**o. Let a be t(5). Calculate the